 of h?
1
Let j = 703 + -402. What is the hundreds digit of j?
3
Suppose 2*z + b = 1054, 0 = 2*z - 2*b + 421 - 1487. What is the units digit of z?
9
Suppose -3*y + 21 = -0*y. Suppose 0 = -y*i + 11*i - 92. What is the units digit of i?
3
Let c = -180 - -255. Suppose -l = 4*l - c. What is the units digit of l?
5
Let m = 17 + -13. Let p(x) = x**3 - 2*x**2 - 2*x + 8. What is the tens digit of p(m)?
3
Suppose -63 = -5*g + 12. Suppose 5*h + 5 = -g. What is the units digit of h/18 + (-1450)/(-45)?
2
Suppose 191*j = 182*j + 5787. What is the units digit of j?
3
Suppose 33*t - 13433 = 42733. What is the units digit of t?
2
Suppose 0 = 2*u - 0*u - 10. Suppose -2*s + 160 = -2*d, -126 = -u*s - 5*d + 244. Let p = -47 + s. What is the tens digit of p?
3
Let x = 672 + -575. What is the tens digit of x?
9
Suppose 12 - 20 = 4*t. What is the hundreds digit of (4*86)/(-4)*4/t?
1
Let o = -349 - -921. What is the tens digit of o?
7
Suppose -5*u = -2*u + 6. What is the units digit of (2 - 9)*(u + -3)?
5
Suppose 9*q = 2876 + 1237. What is the tens digit of q?
5
Let v(z) = 11*z**3 + 9*z**3 - 60 + z - 21*z**3 + 184. What is the units digit of v(0)?
4
Let v = -1 + 0. Let r = v - 1. Let n(h) = 6*h**2 + 2*h + 2. What is the tens digit of n(r)?
2
Suppose 0 = 3*c + 4*r - 3756, 4*c + 4*r = -1301 + 6305. What is the hundreds digit of c?
2
Let x = 1392 + -1238. What is the units digit of x?
4
Let i(k) = 186*k + 240. What is the thousands digit of i(7)?
1
Let t = -51 + 54. Suppose z - 11 = 3*g, t*z + z - 4*g = 84. What is the tens digit of z?
2
Suppose 0 = -63*y + 36*y + 81216. What is the thousands digit of y?
3
Suppose -1686 - 3220 = -4*q - 2*h, -4*q + 4903 = 3*h. What is the thousands digit of q?
1
Suppose -5*s + f + 12 = 0, -4*s + 2*f = -s - 3. Suppose s*o + 11 = b, 0*b = -2*b + o + 12. Suppose -r = -2*r + b. What is the units digit of r?
5
What is the thousands digit of ((-158)/(-10))/(32/3040)?
1
Let j = 2305 + -1016. What is the thousands digit of j?
1
What is the thousands digit of (2774/(-4))/(8/(-16))?
1
Let y(j) = 11*j**3 - 5*j**2 + 11*j - 2. What is the tens digit of y(7)?
0
Suppose -60 + 320 = -5*s. Let a = s + 61. What is the units digit of a?
9
Let m(t) = -t**3 + 33*t**2 + 48*t + 15. What is the hundreds digit of m(34)?
4
Suppose 7*d - 144 = 4*d. Let x = d + -37. What is the units digit of x?
1
Let p be (-2)/(-10) + (-4058)/(-10). Suppose k = 2, -5*c - 3*k = -0*k - p. What is the tens digit of c?
8
Let y(h) = h**2 + 5*h - 27. What is the tens digit of y(19)?
2
Let s = 37 + -61. Let u = -18 - s. What is the units digit of u?
6
Suppose -180 = 18*j - 15*j. Let i = j + 242. What is the units digit of i?
2
Suppose 11*n = -83*n + 55554. What is the hundreds digit of n?
5
Suppose -34993 = -17*a + 12063. What is the hundreds digit of a?
7
Let t = 1643 + -396. What is the units digit of t?
7
Let t(o) = 43*o**3 - 6*o**2 - 4*o + 10. What is the hundreds digit of t(3)?
1
Let c = 14 - 12. Suppose v - 4 = c. Suppose y = v*y - 75. What is the units digit of y?
5
Let l(g) = 2*g + 8. Let p be l(-10). Let i = p + 18. Suppose i*j - 40 = j. What is the units digit of j?
8
Let l(n) = -119*n - 149. What is the hundreds digit of l(-9)?
9
Suppose 8*f - 3 - 13 = 0. Suppose 43 = -f*z + 491. What is the hundreds digit of z?
2
Let g be 3/(-6) + 171/(-2). Let s = -6 - g. What is the units digit of s?
0
Suppose 3*u + 6*o - 7*o = 5439, 0 = 2*o. What is the tens digit of u?
1
Let w = -15 - -59. Suppose 166 = 5*a - w. What is the units digit of a?
2
Let v = 197 - 12. Suppose -5*a + 0*a = 5*p - v, 4*a - p - 173 = 0. What is the units digit of a?
2
Suppose 0 = 4*u - 30 + 2. Let k(a) = 4*a**3 + 2*a**3 + 0*a**2 + 12*a - u*a**3 + 12 + 9*a**2. What is the units digit of k(10)?
2
What is the thousands digit of (953/(-5))/(53/(-1060))?
3
Suppose -686 = -11*l + 2493. What is the hundreds digit of l?
2
What is the hundreds digit of -8 + 341/44 + 2890/8?
3
Suppose 3*t = 2*t + 2. Suppose -7 = t*q - 3*q + d, -d = 4*q - 23. What is the units digit of q?
6
Let d be (-11)/(-9) + 14/(-63). Let z(c) = 28*c**3. What is the units digit of z(d)?
8
Let o(g) = -g**2 - 56*g + 1943. What is the thousands digit of o(0)?
1
Let w(v) = 4*v**2 + 23*v + 5. What is the units digit of w(10)?
5
Let h = 226 - 32. What is the hundreds digit of h?
1
Let s = -22 - -16. What is the tens digit of (-2)/s - (-1872)/54?
3
Suppose p + 2 = 8. Suppose 2*j = h + 21, 5*h - p = -3*j - 72. What is the tens digit of (-12)/h*(-620)/(-8)?
6
Let r = -25 + 29. Suppose -2*o - z = o - 174, r*o + 2*z = 232. What is the units digit of o?
8
What is the hundreds digit of (-28)/35 + (10208/10 - 1)?
0
Suppose 0 = -f - 4*f + 4*y + 3113, 623 = f - y. What is the hundreds digit of f?
6
Let t(n) = -97*n + 279. What is the units digit of t(-12)?
3
Suppose 5*h - 7 = 18. Let w(l) = -13*l - 2. Let z be w(-2). Let y = z - h. What is the units digit of y?
9
Let c = 18 + -27. Let f = 5 - c. What is the tens digit of f?
1
Let b = -446 + 1202. What is the hundreds digit of b?
7
Suppose -4*n - 2 = -14. Let x be (n + -6)/(3/(-2)). Let w(u) = 7*u - 1. What is the tens digit of w(x)?
1
Let x(g) be the third derivative of -g**6/720 + 7*g**5/40 + g**4/6 + 3*g**2. Let n(p) be the second derivative of x(p). What is the units digit of n(-10)?
1
Let r(f) = 4*f**2 + 9*f - 13. Let p(c) = -3*c**2 - 8*c + 12. Let l(m) = 7*p(m) + 6*r(m). What is the tens digit of l(4)?
4
Let b(w) = -w**2 - 7 - 9*w - 3*w + 4*w. Let g be b(-7). Suppose 4*u - y - 15 = g, -3*u - 5*y + 17 = -0*y. What is the units digit of u?
4
Let d be (-9)/(-6)*(6 - 4). Suppose -d*r = -2*k + k + 26, r + 4 = 0. What is the units digit of k?
4
Let t = 145 - 44. What is the tens digit of t?
0
Let f = 1064 - 797. What is the hundreds digit of f?
2
Suppose 4*g + 848 = 5016. What is the hundreds digit of (-14)/(-60)*g - 12/90?
2
Suppose 5*x + m - 5 = 0, 2*x - 1 - 1 = -5*m. Let g be (-3)/6*(-35 - x). Let h = g - -2. What is the tens digit of h?
2
Suppose 83 = 4*n - 3*o, -3*n + 118 = 2*n + o. Let p = -29 + n. What is the units digit of (p/27)/((-7)/63)?
2
Suppose 5*n + 4*u = 3*u - 151, -3*n = 5*u + 95. Let r = n - -73. What is the units digit of r?
3
Let p = 7338 + -4554. Suppose n = -n + 216. What is the tens digit of 2/9 + p/n?
2
Suppose -5*i = -14 - 1, -2*l + 3*i = -9. Suppose -l*c + 1017 = -0*c. What is the units digit of c?
3
Suppose 17*y - 2576 = 10*y. What is the tens digit of y?
6
Let f(l) = -l**3 + 13*l**2 + 2*l + 49. What is the hundreds digit of f(12)?
2
Suppose 4*q + 2*h = 305 + 263, h = -3*q + 427. Let n = 143 - 216. Let f = q + n. What is the tens digit of f?
7
Let w = 423 + -52. What is the hundreds digit of w?
3
What is the units digit of 12 - -1 - (-22 + -6038)?
3
What is the units digit of 1/(-7) - (-231198)/651?
5
Suppose -5*k + 54 = -3*x - 10, -6 = 2*x. What is the tens digit of 10/55 + 361/k?
3
Suppose -5*c = -4*h - 13070, 3*c + 2*h - 5*h = 7839. What is the units digit of c?
8
Let o be -4 - 1*(-213 + 1). Suppose 0*d = -4*d + o. What is the units digit of d?
2
Suppose 4*o + 3*u - 31 = 0, 2*o - 2*u + 16 = 4*o. Let x(s) = -11 + 2*s + s - o. What is the units digit of x(9)?
9
Let o(y) = 7*y**3 - 5*y**2 + 15*y + 1. What is the hundreds digit of o(3)?
1
Let i(p) = p**3 - 25*p**2 - 4*p - 41. What is the tens digit of i(26)?
3
Suppose 4*m + l - 6 = 0, -m + l + 2 + 2 = 0. Suppose 0 = n - 2*g + m - 1, -5*n - 23 = -4*g. Let w(k) = k**2 + k + 2. What is the tens digit of w(n)?
4
Let d(y) be the first derivative of 7*y + 7/2*y**2 - 1/3*y**3 + 1. What is the tens digit of d(6)?
1
Let a(v) = -v**3 + v + 9. Suppose 2*m - 3*m + 4*y = 0, 0 = -5*m - y. What is the units digit of a(m)?
9
What is the units digit of (-9)/(-2)*(4 + -10 + 136)?
5
Suppose 2*f + 21 + 7 = 0. What is the units digit of 0 + (-6)/f - (-16551)/189?
8
Let m = 2 + 0. Suppose m*z - 102 = -z. What is the tens digit of z?
3
Suppose -2*f - 3*k + 551 = 0, -f + k + 288 = -0*f. What is the hundreds digit of f?
2
Let y = 12762 - 9109. What is the hundreds digit of y?
6
Let h(g) = 23*g - 42. What is the hundreds digit of h(19)?
3
Let t = 3222 + -1961. What is the hundreds digit of t?
2
Suppose 16 = -4*p - 4. Let b(u) = -15*u + 8. What is the tens digit of b(p)?
8
Let n(y) = y**2 - y. Let d(l) = 3*l**2 - 2*l - 6. Let a(c) = -d(c) + 4*n(c). What is the tens digi